
Suppose 8861 = 23*h - 822. Calculate the remainder when h is divided by 207.
7
Let v = 29 - 25. Suppose -3*i - 315 = -0*i. Let g = -64 - i. What is the remainder when g is divided by v?
1
Suppose -2080 = -3*r + 4*y, 3*r = -0*y + y + 2086. Calculate the remainder when (0 - 4)*r/(-48) is divided by 34.
24
Suppose 0 = -3*k - 9 - 0. Let n = 257 - 227. What is the remainder when -76*1*k/2 is divided by n?
24
Let o = 14886 - 10472. What is the remainder when o is divided by 92?
90
Calculate the remainder when (43596/105)/(2/(-20)*-4) is divided by 13.
11
Suppose -43*i + 2662 = -32*i. Let n = 360 - i. Calculate the remainder when n is divided by 20.
18
Suppose -5*p + 55 = 0, 0 = 5*h + 17*p - 614 - 23. Suppose -3*c + 667 = 142. Calculate the remainder when c is divided by h.
85
Let m(y) = y**3 - 7*y**2 - 292*y + 2301. Calculate the remainder when 691 is divided by m(8).
24
Let t be (-3)/(((-21)/14)/((-2)/(-2))). What is the remainder when -3 - (t - 122/1) is divided by 20?
17
Let j(r) = 8*r - 51. Let x(q) = 4*q - 25. Let n(v) = 2*j(v) - 5*x(v). Let c be n(-6). Let g = c + -21. Calculate the remainder when 129 is divided by g.
25
Suppose 60*j - 5101 = 2519. What is the remainder when 1509 is divided by j?
112
Suppose 0 = 19*r - 114 - 209. Suppose -12*z + 475 = -7*z. What is the remainder when z is divided by r?
10
Suppose 7 = 3*o - 2*y - 33, -2*o = 2*y - 10. What is the remainder when 5549 is divided by o?
9
Suppose 21*x - 19 - 86 = 0. Let z = 264 + -260. Calculate the remainder when x is divided by z.
1
Let y be -7*(-2 - 5 - -6). Suppose 0 = y*g + 17*g - 3048. Calculate the remainder when g is divided by 10.
7
Calculate the remainder when 1384 is divided by (6 - 3) + 65 + (11 - 6 - 7).
64
Let h be 8/(56/21) + (-896)/(-2). Suppose 44*o - 3135 = -h. Calculate the remainder when 304 is divided by o.
60
Let b = -5 + 8. Suppose -4*l = b*o - 131, -l = 2 + 2. Let g(d) = -d**3 + 221*d**2 + 1132*d - 439. What is the remainder when o is divided by g(226)?
10
Let a = 7 + -14. Let k = -2857 - -2896. Calculate the remainder when k is divided by 4/(-14) + (-142)/a.
19
Let c(m) be the second derivative of m**4/12 - m**3/2 + 3*m**2/2 - 35*m. Let w be c(5). Suppose 8*f - w = 27. What is the remainder when 22 is divided by f?
2
Suppose -4*g = -3*n - 2*g + 941, -3*g + 310 = n. Let k = 365 - n. Calculate the remainder when 101 is divided by k.
49
Calculate the remainder when 42/(-56)*12 + 1293 is divided by 259.
248
Let p be (10/15)/(1/(-108)). Let c = p - -109. Calculate the remainder when 2 + (-856)/(-12)*3/2 is divided by c.
35
Let f = 80 + -64. Let o(i) = 9*i - 120. What is the remainder when o(f) is divided by 14?
10
Let q(u) be the third derivative of 12*u**2 + 0*u - 9/2*u**3 + 0 + 3/8*u**4. What is the remainder when q(9) is divided by 12?
6
Suppose -3*v - 2*v - x = -2596, 3*x = -12. Suppose 5*h = -25, 8*f - 3*f = -3*h + v. Calculate the remainder when f is divided by 57.
50
Let l = 208 + -172. Calculate the remainder when 44 is divided by l.
8
What is the remainder when 3430 + -18 - (17 + -2) is divided by 100?
97
Suppose 13*o - 48 = 17*o. What is the remainder when 27 is divided by o/(-20) - 188/(-20)?
7
Let k be (5/3)/(20/24). Suppose -2*v = -7*v, 4*v = k*l - 26. What is the remainder when 193 is divided by l?
11
Let g be (8/3)/(-2)*9/(-6). What is the remainder when 24/(-30)*(-50)/4 is divided by (-82)/(-8) + g/(-8)?
0
Let x(q) = -3*q**2 - 45*q + 62. Let f be x(-23). Let z = -315 - f. Calculate the remainder when z is divided by 56.
7
Suppose 6*w - 42 = 18. Suppose -5*s = w*s - 600. What is the remainder when s is divided by 14?
12
Suppose -3 = -2*d + 3. Suppose 0 = 2*s - 5*z + 4, 2*s - d*z + 0*z = 0. What is the remainder when (s + 546/12)/(2/4) is divided by 9?
7
Suppose -2*q + 8 = 2. Let s = 85 - 83. Suppose s*o - 5 = 9. What is the remainder when o is divided by q?
1
Suppose 2 = -s - 3*x, 3*s - 4*x - 5 = 28. Calculate the remainder when ((-176)/(-4) - 0)/((-4)/(-2)) is divided by s.
1
Let h(c) = 74*c - 2312. What is the remainder when 45693 is divided by h(34)?
201
Let t = 71 - 69. Let q(k) = k**3 + 9*k**2 + 9*k + 6. Let z be q(-8). Let o(u) = u + 4. What is the remainder when o(z) is divided by t?
0
Let d(u) = 6*u - 287. Let l be (0 - 1/3)*-12. Let t(v) = 4*v**2 - 2*v - 3. Calculate the remainder when t(l) is divided by d(49).
4
Let a(j) = -3*j**2 - 75*j - 16. Let g(c) = 3*c. Let p(i) = a(i) + 6*g(i). Calculate the remainder when 112 is divided by p(-18).
36
Let d be (-27)/12 - 3 - (-4)/16. Let c(n) = -7*n + 21. What is the remainder when 501 is divided by c(d)?
53
Suppose -5*s = -207 - 393. Let r = s - 39. Suppose 2*v = 5*v + 3*p - r, 8 = 4*p. What is the remainder when 46 is divided by v?
21
Let d = -7649 - -8180. Calculate the remainder when d is divided by 131.
7
Let r = 80 - -24. Suppose -x - 4*n = -0*n - 4, -n - r = -5*x. Suppose 117 = -3*v + 4*v. Calculate the remainder when v is divided by x.
17
Let v be (-2*15/(-6))/(25/10). Suppose m + 189 - 36 = 3*q, -5*m - 89 = -v*q. What is the remainder when q is divided by 14?
10
Let g be (1 - 0) + 10/(-40)*-20. What is the remainder when (-84)/(-9) + (-4)/(-36)*g is divided by 2?
0
Suppose -205 = -2*x + y, -3*x + 280 = 3*y + y. Let d(r) = 5*r - 10. Let a be d(3). Calculate the remainder when x is divided by (0 - (-34)/a)/(2/10).
32
Suppose 5*m + 2*w - 401 + 305 = 0, -5*w = -2*m + 50. What is the remainder when 1017 is divided by m?
17
Let w(o) = -o**2 + 175*o + 2881. What is the remainder when 1455 is divided by w(-15)?
29
Let h(i) = -5*i**2 - 260*i - 432. What is the remainder when h(-50) is divided by 14?
12
Suppose -4*y = -y - 6, -4*y + 6 = -q. Calculate the remainder when (-27)/q*8/(-12) is divided by 77/(-22)*(-4)/7.
1
Let j(w) = -w**3 + 22*w**2 + 1. Let x(m) = -m**3 + 5*m**2 + 7*m - 3. Suppose -r = 4*i + 14, 7 = -i + 2. What is the remainder when x(r) is divided by j(22)?
0
Suppose 0 = l + 4*i - 86, -3*l - 82*i = -86*i - 178. Calculate the remainder when 239 is divided by l.
41
Let r(l) = 6*l**3 - 1. What is the remainder when (23/((-414)/(-36)))/((-6)/(-303)) is divided by r(2)?
7
Suppose -2*l = -5*b + 75, 0*l + 49 = 2*b + 3*l. Let z = -17152 + 17182. Calculate the remainder when z is divided by b.
13
Suppose -h - 2*l + 513 = -2972, -5*h + 17497 = -2*l. What is the remainder when h is divided by 1745?
7
Let m(v) = -2*v**2 + 30*v + 24. Let l be m(15). Calculate the remainder when 18*(-32)/l*(-66)/8 is divided by 20.
18
Suppose -997*d + 996*d = -683. Let j = d - 626. Calculate the remainder when 453 is divided by j.
54
Let t be 289 - 2/6*0. Suppose -t = -11*p + 8. Let q(k) = 158*k**3 + 2*k**2 - 1. What is the remainder when q(1) is divided by p?
24
Let g = -20039 - -20073. What is the remainder when 14956 is divided by g?
30
Let a be 0/(-27) - (1 + 5). Calculate the remainder when (-8)/(-48)*483 - a/(-4) is divided by 23.
10
Let n be 20/(-8) + 63/42. Calculate the remainder when (-2)/n + (103/(-1))/(-1) is divided by 18.
15
Suppose -4*q + 3*q = -1, 0 = 4*t - q - 1311. Let v = t + -301. Suppose 2*l = 30 + 128. Calculate the remainder when l is divided by v.
25
Suppose -3*t - 20958 = -20*t - 4*t. What is the remainder when t is divided by 327?
17
Let n(s) be the second derivative of 5*s**4/6 - s**3/6 - s**2/2 - 9*s + 1. What is the remainder when n(-3) is divided by 31?
30
Let d(f) = -64*f - 1385. What is the remainder when d(-26) is divided by 141?
138
Let t = 10937 + -10924. What is the remainder when 5588 is divided by t?
11
Let x(n) = -3*n - 25 + 3 - 7*n. Let z(t) = t**3 + t**2 - 2*t - 7. Let g be z(0). What is the remainder when x(g) is divided by 7?
6
Let d(o) = 4*o**2 + 6*o + 17. Let m be d(6). Suppose l - m = -3*a, 2*a - 3*a = 2*l - 59. Suppose u + 2 = 19. What is the remainder when a is divided by u?
16
Let v be 9 - (1/(-5))/(1/(-10)). Suppose -v*p - 5*p + 72 = 0. What is the remainder when 11 is divided by p?
5
Suppose -15 - 5 = -5*f + 5*m, -5*m - 14 = f. Let s(v) = 196*v - 17. Calculate the remainder when s(f) is divided by 14.
11
Let x = -146 + 290. Suppose l - 5*l + u + x = 0, 3*l + 3*u = 108. Calculate the remainder when 104 is divided by l.
32
Suppose 40 = -0*p + 8*p. Suppose 10*i = -p*i + 285. Calculate the remainder when 148 is divided by i.
15
Let r = 18949 - 17279. What is the r